nd 1988.
14
Calculate the highest common factor of 81 and 1395.
9
Calculate the greatest common divisor of 138 and 139242.
138
Calculate the highest common divisor of 831 and 762581.
277
What is the highest common factor of 961095 and 255?
255
What is the greatest common divisor of 4 and 81938?
2
What is the highest common factor of 19177504 and 311?
311
Calculate the highest common divisor of 60 and 170940.
60
Calculate the greatest common factor of 3185 and 2405.
65
What is the highest common divisor of 9106 and 2552?
58
Calculate the greatest common factor of 3128 and 1904.
136
Calculate the highest common divisor of 109 and 28667.
109
Calculate the greatest common factor of 32798 and 310.
62
Calculate the greatest common divisor of 1825 and 175.
25
What is the greatest common factor of 78068 and 71338?
1346
Calculate the greatest common factor of 53992 and 391.
17
What is the greatest common divisor of 65861 and 67?
67
Calculate the highest common factor of 1603 and 325867.
229
Calculate the highest common divisor of 286824 and 304.
152
Calculate the highest common factor of 6 and 53838.
6
What is the greatest common factor of 1060312 and 88?
88
Calculate the highest common divisor of 3 and 3147.
3
Calculate the highest common divisor of 8024 and 4248.
472
What is the highest common factor of 79 and 409931?
79
What is the greatest common factor of 11938 and 9118?
94
What is the highest common factor of 1598 and 22712?
34
What is the highest common factor of 13334 and 1808?
226
What is the highest common factor of 500129 and 259?
259
Calculate the highest common factor of 99 and 748.
11
What is the greatest common divisor of 5457625 and 125?
125
Calculate the greatest common factor of 60301 and 47.
47
What is the highest common factor of 359 and 1023509?
359
What is the highest common factor of 2 and 5009?
1
What is the highest common divisor of 25776 and 153?
9
Calculate the greatest common divisor of 861 and 30093.
21
What is the greatest common divisor of 1411 and 62815?
17
What is the highest common divisor of 140752 and 304?
304
What is the highest common divisor of 8660 and 1692164?
1732
What is the greatest common divisor of 365 and 44530?
365
What is the greatest common divisor of 847 and 18788?
77
Calculate the greatest common divisor of 1236 and 1452.
12
What is the highest common divisor of 17909 and 64?
1
What is the greatest common factor of 85570 and 430?
430
Calculate the greatest common factor of 13662 and 2001.
69
Calculate the highest common divisor of 45879 and 4103.
373
Calculate the greatest common factor of 10931 and 14093.
17
What is the greatest common divisor of 182 and 54278?
14
What is the greatest common factor of 5454 and 1242?
54
Calculate the highest common divisor of 295 and 163312.
59
What is the greatest common factor of 264440 and 77?
11
What is the highest common factor of 1221 and 541347?
111
Calculate the highest common divisor of 768402 and 4.
2
Calculate the greatest common factor of 28373 and 51.
17
Calculate the highest common factor of 4983 and 374.
11
Calculate the greatest common factor of 1210 and 49522.
22
Calculate the highest common divisor of 13 and 45266.
13
What is the greatest common divisor of 108091 and 38?
19
What is the greatest common factor of 10258 and 2898?
46
Calculate the greatest common factor of 2325 and 1705.
155
What is the greatest common divisor of 36 and 4924956?
12
Calculate the greatest common factor of 72465 and 195.
15
Calculate the highest common factor of 202678 and 2170.
434
Calculate the highest common divisor of 810 and 41670.
90
Calculate the greatest common divisor of 193225 and 118.
59
Calculate the highest common divisor of 1407 and 3024.
21
Calculate the highest common divisor of 470 and 102040.
10
What is the greatest common divisor of 427788 and 18?
18
Calculate the highest common divisor of 375 and 1635.
15
Calculate the greatest common factor of 294780 and 120.
60
Calculate the greatest common factor of 60 and 6618.
6
Calculate the highest common factor of 525 and 3402.
21
What is the highest common factor of 4975 and 1300?
25
What is the highest common factor of 61 and 5647441?
61
What is the highest common factor of 371072 and 50752?
832
What is the highest common divisor of 18416 and 1688?
8
Calculate the greatest common divisor of 102024 and 1350.
18
What is the greatest common factor of 320 and 670?
10
What is the greatest common divisor of 459425 and 675?
25
Calculate the highest common factor of 350 and 20350.
50
Calculate the greatest common factor of 203 and 133081.
29
Calculate the highest common factor of 4375 and 847.
7
Calculate the highest common factor of 51622 and 1461.
487
What is the greatest common factor of 1103228 and 287?
287
Calculate the greatest common divisor of 138720 and 4320.
480
Calculate the highest common factor of 610 and 6515105.
305
Calculate the highest common factor of 23389 and 2831.
19
Calculate the greatest common divisor of 109343 and 338.
169
What is the greatest common divisor of 14 and 1519?
7
What is the greatest common factor of 72 and 1120632?
24
What is the greatest common factor of 14377 and 13849?
11
What is the highest common divisor of 10307 and 297?
11
Calculate the highest common divisor of 375584 and 16.
16
What is the highest common divisor of 23959 and 17537?
247
Calculate the highest common divisor of 17324 and 793.
61
Calculate the highest common divisor of 5621 and 1001.
77
Calculate the highest common factor of 89955 and 45.
45
What is the greatest common divisor of 5409 and 45?
9
Calculate the highest common factor of 22536 and 144.
72
What is the greatest common factor of 54012 and 168?
84
Calculate the highest common factor of 172 and 3832.
4
Calculate the highest common divisor of 40538 and 16.
2
What is the greatest common divisor of 7910 and 9135?
35
What is the greatest common divisor of 27456 and 768?
192
Calculate the highest common factor of 774 and 346107.
129
What is the highest common factor of 18964947 and 5322?
2661
Calculate the highest common divisor of 150098 and 25714.
598
What is the highest common divisor of 692 and 400668?
692
Calculate the highest common factor of 2870 and 1232665.
1435
Calculate the greatest common factor of 13158 and 1088.
34
Calculate the greatest common factor of 2379917 and 167.
167
What is the highest common divisor of 27038 and 748?
22
Calculate the greatest common factor of 3180 and 4848.
12
Calculate the highest common divisor of 116289 and 81.
27
Calculate the greatest common factor of 1548 and 22962.
258
Calculate the highest common divisor of 30 and 262030.
10
What is the greatest common divisor of 60543 and 90?
9
Calculate the greatest common factor of 46420 and 660.
220
Calculate the greatest common divisor of 884 and 1462.
34
What is the greatest common factor of 23495 and 370?
185
What is the greatest common factor of 2516 and 1972?
68
Calculate the greatest common factor of 4 and 617.
1
Calculate the highest common factor of 5950696 and 8.
8
Calculate the greatest common divisor of 8152 and 43817.
1019
What is the greatest common factor of 55 and 3296854?
11
Calculate the highest common factor of 18695 and 45.
5
Calculate the highest common factor of 1173524 and 716.
716
Calculate the highest common divisor of 18204 and 3700.
148
What is the greatest common factor of 15386 and 84?
14
What is the highest common factor of 8572 and 1656?
4
Calculate the greatest common factor of 322968 and 576.
24
What is the highest common factor of 7659 and 20907?
207
What is the greatest common factor of 133461 and 270?
27
What is the highest common divisor of 973 and 223929?
139
Calculate the greatest common factor of 1392 and 84.
12
Calculate the greatest common divisor of 212 and 2031384.
212
What is the highest common divisor of 6584 and 296?
8
What is the greatest common divisor of 259 and 14987?
7
Calculate the highest common factor of 70308 and 224.
28
What is the greatest common divisor of 108511 and 208?
13
What is the greatest common divisor of 18025 and 14525?
175
What is the highest common factor of 131557 and 2245?
449
Calculate the highest common factor of 340 and 1011789.
17
Calculate the highest common divisor of 366247 and 35.
7
What